ctor of 17157181?
False
Does 9 divide 4951277?
False
Is 424 a factor of 6343110?
False
Is 1290735 a multiple of 12?
False
Does 561 divide 40860996?
True
Is 1117935 a multiple of 105?
True
Does 8 divide 88072?
True
Does 77 divide 477986?
False
Is 5 a factor of 111545?
True
Is 133814 a multiple of 123?
False
Is 316422 a multiple of 436?
False
Is 143 a factor of 1329900?
True
Does 16 divide 1306656?
True
Does 12 divide 192204?
True
Is 18 a factor of 663969?
False
Does 7 divide 20717?
False
Is 44 a factor of 151822?
False
Is 41024 a multiple of 32?
True
Is 1056445 a multiple of 13?
True
Is 44 a factor of 2398088?
True
Is 1477616 a multiple of 112?
True
Is 264 a factor of 1994668?
False
Does 110 divide 659274?
False
Is 513906 a multiple of 219?
False
Is 11 a factor of 10233277?
False
Does 19 divide 1346853?
True
Does 298 divide 1598619?
False
Is 652369 a multiple of 3?
False
Is 141 a factor of 541627?
False
Is 5508 a multiple of 27?
True
Is 718369 a multiple of 44?
False
Does 35 divide 19712?
False
Is 97080 a multiple of 20?
True
Is 21 a factor of 54489?
False
Is 18 a factor of 12423?
False
Is 139 a factor of 3532532?
False
Is 2147208 a multiple of 84?
True
Is 36 a factor of 141048?
True
Does 57 divide 1671810?
True
Does 7 divide 10674586?
False
Is 142835 a multiple of 6?
False
Is 11 a factor of 19874?
False
Does 6 divide 679927?
False
Does 146 divide 593344?
True
Is 31 a factor of 80135?
True
Is 30 a factor of 120930?
True
Does 28 divide 1688657?
False
Is 1050438 a multiple of 58?
True
Is 859520 a multiple of 128?
True
Is 22958 a multiple of 26?
True
Is 627 a factor of 4619109?
True
Is 4731020 a multiple of 20?
True
Is 22 a factor of 2136992?
True
Is 8730 a multiple of 90?
True
Is 5 a factor of 351465?
True
Does 22 divide 248891?
False
Is 124790 a multiple of 330?
False
Is 36 a factor of 61672?
False
Is 5 a factor of 324520?
True
Is 745 a factor of 753940?
True
Is 56166 a multiple of 11?
True
Does 745 divide 3944721?
False
Is 26140923 a multiple of 1453?
True
Is 53 a factor of 120950?
False
Is 215 a factor of 294765?
True
Is 17 a factor of 5041908?
False
Does 530 divide 1528032?
False
Does 248 divide 631656?
True
Is 55 a factor of 83896?
False
Does 1197 divide 1891260?
True
Does 70 divide 1170470?
True
Does 3 divide 3092?
False
Is 359078 a multiple of 302?
True
Is 2 a factor of 2948?
True
Is 1227 a factor of 4728858?
True
Does 74 divide 59701?
False
Is 487 a factor of 11533134?
True
Is 240 a factor of 99933?
False
Does 43 divide 87720?
True
Is 1373 a factor of 17822373?
False
Is 245 a factor of 7080990?
True
Is 31 a factor of 4712?
True
Is 170130 a multiple of 30?
True
Does 110 divide 30977?
False
Does 3 divide 15522?
True
Does 871 divide 810901?
True
Is 2908856 a multiple of 184?
True
Is 84 a factor of 2549215?
False
Is 116994 a multiple of 16?
False
Does 37 divide 3081917?
False
Does 246 divide 153258?
True
Is 46 a factor of 45954?
True
Is 10 a factor of 664710?
True
Does 196 divide 1109700?
False
Is 70 a factor of 2163840?
True
Is 7 a factor of 229133?
False
Is 575309 a multiple of 416?
False
Does 45 divide 434094?
False
Is 1027000 a multiple of 52?
True
Is 688405 a multiple of 5?
True
Is 573 a factor of 5472069?
False
Is 293979 a multiple of 21?
True
Does 10 divide 169749?
False
Is 34069 a multiple of 157?
True
Does 18 divide 353343?
False
Is 1267503 a multiple of 783?
False
Does 37 divide 12861?
False
Is 62 a factor of 415524?
True
Is 529936 a multiple of 12?
False
Does 1082 divide 5153566?
True
Is 9 a factor of 30662?
False
Is 259 a factor of 123284?
True
Is 716150 a multiple of 198?
False
Does 190 divide 343684?
False
Does 4 divide 1980812?
True
Is 314963 a multiple of 137?
True
Does 56 divide 496720?
True
Does 19 divide 9397629?
False
Does 1292 divide 3318452?
False
Does 76 divide 2138146?
False
Is 33079 a multiple of 19?
True
Is 135552 a multiple of 12?
True
Is 79 a factor of 85370?
False
Does 62 divide 636678?
True
Is 239 a factor of 7596854?
True
Is 177095 a multiple of 243?
False
Does 20 divide 1635461?
False
Is 4 a factor of 116838?
False
Is 104 a factor of 1727960?
True
Is 55115 a multiple of 151?
True
Does 103 divide 721?
True
Does 398 divide 14888782?
True
Does 18 divide 108864?
True
Is 38301 a multiple of 4?
False
Is 2531536 a multiple of 17?
False
Is 43 a factor of 1429062?
True
Does 18 divide 6212827?
False
Is 5710046 a multiple of 8?
False
Is 6313554 a multiple of 18?
True
Does 204 divide 168096?
True
Does 467 divide 441606?
False
Does 12 divide 42429?
False
Does 265 divide 185765?
True
Is 1481400 a multiple of 15?
True
Is 37 a factor of 239945?
True
Is 1226700 a multiple of 87?
True
Does 18 divide 72274?
False
Is 1368 a factor of 9250416?
True
Is 5139375 a multiple of 15?
True
Is 1847706 a multiple of 1554?
True
Is 4056601 a multiple of 76?
False
Is 51 a factor of 359351?
False
Is 21 a factor of 2715203?
False
Does 8 divide 420722?
False
Does 664 divide 274896?
True
Does 13 divide 364?
True
Does 197 divide 101115?
False
Is 49 a factor of 185279?
False
Does 424 divide 1630704?
True
Does 30 divide 125245?
False
Is 6 a factor of 3282?
True
Is 347722 a multiple of 13?
False
Does 613 divide 2877660?
False
Is 5 a factor of 25460?
True
Does 64 divide 96832?
True
Does 55 divide 229384?
False
Is 53568 a multiple of 64?
True
Does 5 divide 14397?
False
Is 499 a factor of 331306?
False
Is 73 a factor of 1779813?
True
Is 3693340 a multiple of 35?
True
Is 1012682 a multiple of 155?
False
Is 271 a factor of 23380?
False
Is 11 a factor of 17493?
False
Does 520 divide 842400?
True
Is 45 a factor of 3389310?
True
Is 8 a factor of 36613?
False
Is 42160 a multiple of 16?
True
Is 9 a factor of 1783?
False
Does 9 divide 43641?
True
Does 458 divide 1097826?
True
Is 1824205 a multiple of 239?
False
Is 11 a factor of 954404?
True
Is 30 a factor of 20484374?
False
Is 81035 a multiple of 95?
True
Is 455238 a multiple of 126?
True
Is 148874 a multiple of 101?
True
Is 742 a factor of 1624980?
True
Does 198 divide 100704?
False
Is 1135860 a multiple of 72?
False
Is 4 a factor of 770742?
False
Is 480 a factor of 826080?
True
Is 905520 a multiple of 770?
True
Is 1423065 a multiple of 105?
True
Is 48 a factor of 28800?
True
Does 316 divide 724588?
True
Does 711 divide 1314639?
True
Is 3 a factor of 80976?
True
Is 2876421 a multiple of 115?
False
Does 228 divide 140236?
False
Is 457238 a multiple of 270?
False
Does 791 divide 8413076?
True
Is 160947 a multiple of 9?
True
Is 534628 a multiple of 14?
False
Is 609615 a multiple of 31?
True
Is 37 a factor of 142302?
True
Is 15 a factor of 13942867?
False
Is 403 a factor of 4957303?
True
Does 10 divide 238040?
True
Is 1690218 a multiple of 643?
False
Is 1284915 a multiple of 13?
False
Is 70 a factor of 7649748?
False
Does 13 divide 196476?
False
Is 112 a factor of 238336?
True
Does 13 divide 290634?
False
Is 29 a factor of 162494?
False
Is 243 a factor of 121014?
True
Is 1993616 a multiple of 16?
True
Is 212014 a multiple of 82?
False
Is 1219286 a multiple of 9?
False
Is 1250913 even?
False
Does 2 divide 16116?
True
Does 23 divide 179799?
False
Does 14 divide 282255?
False
Does 50 divide 129450?
True
Is 276 a factor of 188478?
False
Does 5 divide 3310305?
True
Is 5469104 a multiple of 12?
False
Does 31 divide 892025?
True
Is 1891350 a multiple of 270?
True
Is 12 a factor of 1001628?
True
Does 167 divide 1348358?
True
Is 9396569 a multiple of 329?
True
Is 2 a factor of 3391?
False
Is 8826349 a multiple of 30?
False
Does 66 divide 468680?
False
Is 1338307 a multiple of 2?
False
Is 15 a factor of 111480?
True
Is 331286 a multiple of 71?
True
Does 14 divide 634562?
False
Is 2787981 a multiple of 13?
False
Is 510 a factor of 6897750?
True
Is 83437 a multiple of 7?
False
Does 267 divide 47134?
False
Is 13 a factor of 394641?
True
Is 5261595 a multiple of 23?
True
Is 114521 a multiple of 11?
True
Does 26 divide 254800?
True
Is 479015 a multiple of 8?
False
Is 398576 a multiple of 232?
True
Is 273618 a multiple of 162?
True
Is 124 a factor of 98114?
False
Is 275 a factor of 492311?
False
Does 53 divide 1400843?
True
Does 61 divide 38424?
False
Does 5 divide 8660?
True
Does 14 divide 373142?
True
Is 20 a factor of 173414?
False
Does 328 divide 110864?
True
Is 356787 a multiple of 29?
True
Is 107391 a multiple of 6?
Fal